c. Suppose 2*q - 9 = p. Calculate the highest common factor of 72 and q.
8
Suppose -4 = -4*r, -2*c + 9 = -c - 3*r. Calculate the greatest common divisor of c and 84.
12
Let t be -4*6/(-16)*6. Let z(j) = -j**2 - j. Let w be z(0). Suppose w = -x + 18 + 9. Calculate the greatest common divisor of t and x.
9
Let u be ((-307)/3)/(2/6). Let v(o) = -7*o**3 + 2*o**2 + 4*o - 3. Let k be v(-4). Let g = k + u. What is the greatest common factor of 14 and g?
14
Let m(v) = -v**2 - 20*v - 27. Let j be m(-18). What is the highest common factor of 72 and j?
9
Suppose 0 = -5*s + 75 + 315. What is the greatest common divisor of s and 52?
26
Suppose -4*k + 244 - 20 = 0. Suppose 0 = -0*j + 2*j. Suppose j*a = -3*a + 42. Calculate the highest common divisor of a and k.
14
Suppose k + 7 = 49. What is the greatest common divisor of k and 14?
14
Let r(w) = w**2 + w - 26. Let x be r(-7). What is the highest common factor of x and 128?
16
Suppose 2*u - 11 = 13. Suppose -5*i - 4*y + u = 0, -5*i + 2*y - 3 = 3. Suppose -t - 3 + 16 = i. Calculate the greatest common divisor of t and 143.
13
Suppose 0 = -y + l - 2 + 8, 5*y = 2*l + 42. Let m be 317/7 - y/35. Let n be (5/3)/((-1)/(-18)). Calculate the highest common factor of n and m.
15
Suppose 6*u - 2*j + 229 = u, -4*u = -4*j + 176. Let z = -190 - -349. Let i = u + z. Calculate the highest common factor of i and 14.
14
Let h be 8/4 - (-1 + 0). Calculate the greatest common factor of 12 and h.
3
Let m(k) = 4*k**2 - 4*k + 6. Let g be m(6). Calculate the highest common factor of 18 and g.
18
Let f(w) = w - 1. Let l be f(2). Suppose -32 = 5*o - 82. Let n be 25/o*8/10. Calculate the greatest common factor of l and n.
1
Let t(y) = -7*y**3 + 2*y**2 - 2*y - 2. Let g be t(-2). Let b = g + 34. What is the highest common divisor of 40 and b?
20
Suppose 5*d - 11 - 24 = 0. Suppose -2*s + 70 = -0*s. Calculate the greatest common divisor of d and s.
7
Suppose -3*v - j = -v - 62, -137 = -5*v + 2*j. Let y = v - 15. Calculate the greatest common divisor of y and 70.
14
Let s be (-2 - -3)/((-2)/(-12)). Let q(b) = -5*b + 12*b - 7*b**2 + 2*b**3 + 1 - b**3. Let h be q(s). What is the highest common divisor of h and 21?
7
Let o be (1*11)/(-2 - (-65)/30). What is the highest common divisor of o and 33?
33
Let d(n) = -7*n + 51. Let v(z) = 20*z - 152. Let k(b) = -17*d(b) - 6*v(b). Let f be k(0). Let w = -19 + 28. What is the greatest common factor of f and w?
9
Suppose 33 + 92 = 5*z. What is the highest common divisor of 275 and z?
25
Let z = 58 + -53. Calculate the greatest common divisor of z and 60.
5
Let y(s) = s + 9. Let r be y(-9). Suppose 5 = -r*z - z. Let a be (z - (-2 - 0)) + 47. What is the greatest common factor of 11 and a?
11
Let r be -16*(-1)/((-4)/(-6)). Suppose 2*z - r = -z. Calculate the greatest common divisor of z and 8.
8
Suppose c - 42 = -i - 11, -3*i + c = -113. What is the greatest common divisor of 9 and i?
9
Let f(p) = p**2 + 4*p + 5. Let u = -7 + 2. Let g be f(u). Suppose 0 = 4*t + 4*w - 92, 2*w = -2*w + 12. What is the greatest common divisor of t and g?
10
Let s be 112 - 0/(-4 + 2). What is the highest common divisor of 14 and s?
14
Let t(z) = -z**3 - 10*z**2 - 25*z + 6. Let u be t(-6). What is the highest common divisor of u and 30?
6
Suppose -o - 2*o = -3*p + 45, -32 = -2*p + 3*o. Let m = 3 - p. Let b be 3*m/3*-4. Calculate the highest common divisor of b and 8.
8
Suppose 3*b - 15 = 0, -v = 2*v - 2*b - 41. Let z(h) = -h + 136. Let d be z(0). What is the greatest common divisor of d and v?
17
Suppose -f + 96 = x - 51, 319 = 2*x - 3*f. What is the greatest common divisor of x and 38?
38
Let m be (1 - 36)*(-2 + 12/15). What is the greatest common factor of m and 14?
14
Let l = -19 + 26. Calculate the greatest common divisor of 3 and l.
1
Suppose 2*z - r - 141 - 96 = 0, -5*r = -4*z + 483. Let y be (-13*1)/(-6 + 5). Calculate the greatest common divisor of z and y.
13
Let q(u) = -u**3 + 10*u**2 + 13*u - 11. Let i be q(11). What is the greatest common factor of 33 and i?
11
Let c(r) = r**3 - 6*r**2 + 4*r + 5. Let x be c(5). Suppose -3*b + 47 = -3*z + 5, -b - 2*z + 20 = x. Calculate the greatest common factor of b and 16.
16
Suppose -6*f + 1375 = -f. Calculate the highest common divisor of f and 25.
25
Suppose 59*f + 72 = 60*f. Let m(v) = -v**2 - 7*v - 2. Let s be m(-5). What is the highest common factor of f and s?
8
Suppose -4*d - y = 2, 18 = 2*d - 5*y + 8. Suppose -3*a + 7 = -4*z - d, 0 = 4*a - 2*z - 16. Calculate the highest common factor of 45 and a.
5
Suppose a + 37 = 101. Calculate the greatest common divisor of a and 160.
32
Suppose -9 = -4*o + 3*b, o + 2*b - 5 = -0*o. Suppose 2*h = 7*h + v - 34, -3*h + o*v = -24. Calculate the highest common factor of 21 and h.
7
Suppose 4*q - 4*g - 508 = 0, 2*q - 515 = -2*q - 3*g. Let p be (-11 + 19)/(2/4). Calculate the highest common factor of q and p.
16
Suppose 271 = 6*c + 91. Let o(g) = 3*g**3 - 2*g**2 + 5*g - 3. Let q be o(3). Calculate the greatest common divisor of c and q.
15
Suppose -4*k + 62 = -p + 6*p, -5*p + 4*k + 78 = 0. Calculate the greatest common divisor of p and 7.
7
Let h = -113 - -158. What is the highest common divisor of h and 18?
9
Let m(w) = 2*w**2 - w - 4. Suppose r - 8 = -3*q, -45 = -5*q + 5*r - 5. Let x be m(q). What is the greatest common divisor of 6 and x?
6
Let u be 7*1*(-2 - (-104)/28). What is the greatest common divisor of 132 and u?
12
Let s = 3 - 0. Suppose -2*h + 4*h = 5*w + 38, 0 = 3*h - s*w - 39. Let k be 70/h + 8/36. Calculate the highest common divisor of 64 and k.
8
Let y be (3/(-6))/(1/2). Let x be 1/(y + 2)*11. Let z(i) = i**3 - 4*i**2 - 2*i - 16. Let k be z(6). What is the highest common divisor of k and x?
11
Let s be -4*(1 - -2)*-12. Calculate the greatest common divisor of 16 and s.
16
Let k be 1/(-2) + 25/2. Suppose -5*y + 63 = -3*t, -2*y = -t - 17 - 8. Calculate the greatest common divisor of y and k.
12
Let x be (4 + -2)*(-18)/(-12). Suppose x*r + 12 = 3*b, 2*r = -3*b + 6*r + 15. What is the highest common divisor of 9 and b?
1
Let m be (-2)/(-8) - 2157/(-12). Suppose -f = -6*f. Suppose 5*q - 122 + 22 = f. Calculate the highest common divisor of q and m.
20
Let o be (2 - 6)/((-2 - -6)/(-32)). What is the greatest common factor of o and 2?
2
Let g be (8/12)/(4/6). Suppose g - 3 = -j. Suppose -2*c = c - 42. What is the greatest common factor of j and c?
2
Suppose 0 = 5*j - 616 + 11. Calculate the highest common factor of 11 and j.
11
Suppose 5*s + 359 = -4*f + 34, 5*s = 5*f + 440. Let n be (6/5 + -2)*f. What is the highest common factor of n and 102?
34
Suppose 4*g + 124 = 4*s, -2*s = 3*g - 6*g - 63. Suppose 55 = -3*a + 8*a. Let d = a + 64. What is the highest common divisor of d and s?
15
Suppose -8*q - 2*q + 870 = 0. Calculate the highest common factor of 58 and q.
29
Let k = 20 - 10. Calculate the highest common divisor of k and 30.
10
Let o(z) = 2*z**2 - 2*z - 4. Let k be o(-3). Let p(m) = -m**3 - 26*m**2 - 50*m + 32. Let v be p(-24). Calculate the highest common divisor of v and k.
20
Let x = 0 - -5. Suppose -x*i = -95 - 220. What is the highest common factor of i and 7?
7
Suppose -4*x + 56 = -200. What is the highest common factor of x and 16?
16
Let i(j) = 6*j - 2. Let y be i(7). Calculate the highest common divisor of 80 and y.
40
Suppose -3*d = d. Suppose -3*j - 3 - 42 = d. Let p be j/(-2)*(2 - -4). What is the greatest common factor of 18 and p?
9
Suppose 8*f + 165 = 13*f. Calculate the greatest common factor of f and 22.
11
Suppose 2*f = -2*f + 8. Let r be (24/(-3))/(-2) - f. Calculate the greatest common factor of 10 and r.
2
Let n(f) = f + 5. Let p be n(-3). Suppose -2*w = 3*u - 70, 5*u - 39 = 3*w + 65. Calculate the highest common factor of p and u.
2
Let k(q) be the second derivative of q**5/20 + 5*q**4/12 - 2*q**3/3 + 13*q**2/2 - 6*q. Let a be k(-6). What is the greatest common factor of 3 and a?
1
Suppose 20 + 5 = -5*v. Let u(f) be the first derivative of f**4/4 + 2*f**3 + f**2 - 3. Let w be u(v). What is the greatest common divisor of w and 135?
15
Let m = -1 - -3. Let n be 1 - (-200 + 1)*1. Suppose 0 = m*h + 3*h - n. What is the greatest common divisor of 10 and h?
10
Let b be (-133)/28 + (-6)/(-8). Let h = 14 + b. Calculate the highest common divisor of 5 and h.
5
Let n be -5*((-1 - -1) + -1). Suppose -x + 8 = 